{"id":27,"date":"2019-05-22T05:59:22","date_gmt":"2019-05-22T05:59:22","guid":{"rendered":"http:\/\/moll-trocknungs-service.eu\/?page_id=27"},"modified":"2019-06-12T18:04:58","modified_gmt":"2019-06-12T18:04:58","slug":"wir-ueber-uns","status":"publish","type":"page","link":"https:\/\/moll-trocknungs-service.eu\/","title":{"rendered":"Startseite"},"content":{"rendered":"\n<p><\/p>\n\n\n\n<h3 class=\"wp-block-heading\"> <strong>Wir ,die Firma Moll &#8211; Trocknungs &#8211; Service, <\/strong> <\/h3>\n\n\n\n<div class=\"wp-block-image\"><figure class=\"alignleft is-resized\"><img loading=\"lazy\" decoding=\"async\" src=\"http:\/\/moll-trocknungs-service.eu\/wp-content\/uploads\/2019\/05\/IMG_0472-768x1024.jpg\" alt=\"\" class=\"wp-image-119\" width=\"295\" height=\"393\" srcset=\"https:\/\/moll-trocknungs-service.eu\/wp-content\/uploads\/2019\/05\/IMG_0472-768x1024.jpg 768w, https:\/\/moll-trocknungs-service.eu\/wp-content\/uploads\/2019\/05\/IMG_0472-225x300.jpg 225w, https:\/\/moll-trocknungs-service.eu\/wp-content\/uploads\/2019\/05\/IMG_0472.jpg 1200w\" sizes=\"auto, (max-width: 295px) 100vw, 295px\" \/><\/figure><\/div>\n\n\n\n<p>sind ein mittelst\u00e4ndiges Dienstleistungsunternehmen mit dem Schwerpunkt in der Wasserschadenbeseitigung sowie Leckageortung und Schimmelsanierung, das mit Fachkompetenz und hohen Qualit\u00e4tsstandard seine Kunde betreut, wir haben immer das Ziel die besten zu sein.<br><br>Mit hoher Flexibilit\u00e4t, einem modernen und gepflegten Maschinenpark sowie geschultem Fachpersonal wurde in den letzten Jahren ein stetig wachsender Kundenkreis von der Leistungsf\u00e4higkeit \u00fcberzeugt. <br>Das Ziel wird es weiterhin sein, den qualitativ hohen Qualit\u00e4tsstandard der Serviceleistungen weiter zu verbessern und neue ausgereifte Technologien aufzunehmen.<br><br><br><br>Unsere Einsatzgebiete sind Aachen, Bonn ,D\u00fcsseldorf, D\u00fcren, K\u00f6ln, Rhein &#8211; Erft &#8211; Kreis, Rhein &#8211; Sieg &#8211; Kreis, M\u00f6nchengladbach, Heinsberg sind wir der Lage , in Nordrhein &#8211; Westfalen fl\u00e4chendeckend unsere Dienstleistung .<\/p>\n","protected":false},"excerpt":{"rendered":"<p>Wir ,die Firma Moll &#8211; Trocknungs &#8211; Service, sind ein mittelst\u00e4ndiges Dienstleistungsunternehmen mit dem Schwerpunkt in der Wasserschadenbeseitigung sowie Leckageortung und Schimmelsanierung, das mit Fachkompetenz und hohen Qualit\u00e4tsstandard seine Kunde betreut, wir haben immer das Ziel die besten zu sein. Mit hoher Flexibilit\u00e4t, einem modernen und gepflegten Maschinenpark sowie geschultem Fachpersonal wurde in den letzten [&hellip;]<\/p>\n","protected":false},"author":1,"featured_media":0,"parent":0,"menu_order":0,"comment_status":"closed","ping_status":"closed","template":"service.php","meta":{"footnotes":""},"class_list":["post-27","page","type-page","status-publish","hentry"],"_links":{"self":[{"href":"https:\/\/moll-trocknungs-service.eu\/index.php?rest_route=\/wp\/v2\/pages\/27","targetHints":{"allow":["GET"]}}],"collection":[{"href":"https:\/\/moll-trocknungs-service.eu\/index.php?rest_route=\/wp\/v2\/pages"}],"about":[{"href":"https:\/\/moll-trocknungs-service.eu\/index.php?rest_route=\/wp\/v2\/types\/page"}],"author":[{"embeddable":true,"href":"https:\/\/moll-trocknungs-service.eu\/index.php?rest_route=\/wp\/v2\/users\/1"}],"replies":[{"embeddable":true,"href":"https:\/\/moll-trocknungs-service.eu\/index.php?rest_route=%2Fwp%2Fv2%2Fcomments&post=27"}],"version-history":[{"count":7,"href":"https:\/\/moll-trocknungs-service.eu\/index.php?rest_route=\/wp\/v2\/pages\/27\/revisions"}],"predecessor-version":[{"id":147,"href":"https:\/\/moll-trocknungs-service.eu\/index.php?rest_route=\/wp\/v2\/pages\/27\/revisions\/147"}],"wp:attachment":[{"href":"https:\/\/moll-trocknungs-service.eu\/index.php?rest_route=%2Fwp%2Fv2%2Fmedia&parent=27"}],"curies":[{"name":"wp","href":"https:\/\/api.w.org\/{rel}","templated":true}]}}